inder when 29 is divided by m.
13
Suppose x + 0*x - 11 = 0. Suppose -210 = -2*v - 3*v. What is the remainder when v is divided by x?
9
Let v(o) be the second derivative of -o**3/6 + o**2 + 2*o. Calculate the remainder when 13 is divided by v(-3).
3
Let o(m) = -m**2 + 1. Let d(v) = -v**3 - 7*v**2 + 3*v + 10. Let u(z) = d(z) - 6*o(z). Let x be (0 - 3)*-1*-1. Calculate the remainder when u(x) is divided by 5.
3
Let j be (2 + 1 - 3) + 3. Suppose 0 = -j*g + 13 + 2. What is the remainder when 24 is divided by g?
4
Suppose -2*b + 10 = 0, f - b = -f + 13. Let i(d) = 9*d + 5. Let r(w) = 8*w + 6. Let x(m) = 4*i(m) - 3*r(m). Calculate the remainder when x(2) is divided by f.
8
Let u be (-16)/24 + (-8)/(-3). Let m(c) = -c**2 - u - c + c**3 - 4*c + 6. Calculate the remainder when m(3) is divided by 3.
1
Suppose 0 = -3*l + 2*l + 10. Let s(f) = f**3 - 10*f**2 + f + 7. Let b be s(l). Let u = b - 4. Calculate the remainder when 37 is divided by u.
11
Let b(u) = 8*u + 17. What is the remainder when b(8) is divided by 42?
39
Calculate the remainder when 760/6 + 1/3 is divided by 32.
31
Let q = 107 + 2. Suppose -3*p + 37 = b - 4, -3*b + q = -5*p. What is the remainder when b is divided by 13?
12
Suppose 2*o - o = -3*d - 4, -3*d = 9. Suppose o*c = p, -5*p + 3*c + 22 = -0*c. Suppose 0 = 3*t - p + 2. What is the remainder when 2 is divided by t?
0
Let o = 650 - 408. Suppose 4*w - o = 5*g, 2*w + 2*g = 65 + 65. Calculate the remainder when w is divided by 17.
12
Suppose -2*t = -4*t. Let p(i) = i**3 + i + 2. Calculate the remainder when 5 is divided by p(t).
1
Let z = -84 - -120. Calculate the remainder when 70 is divided by z.
34
Let u = -34 + 47. Let c = 18 - u. Calculate the remainder when 13 is divided by c.
3
Suppose 9 = -3*b, -3*c - 2*b = 2*c - 84. What is the remainder when (-4)/(-20) - (-328)/10 is divided by c?
15
Let f = -1 + 1. Suppose -6*g + 5*g + 14 = f. Calculate the remainder when 52 is divided by g.
10
Let r = -12 + 11. What is the remainder when 44 is divided by r/(-6) - (-89)/6?
14
Suppose 0 = 28*q - 29*q + 18. Calculate the remainder when 84 is divided by q.
12
Let y = -10 + 15. Calculate the remainder when y is divided by 1/(-2) - (-14)/4.
2
Suppose -2 = -3*q + 4*q. Let t be (8 + 7)*(-4)/(-10). What is the remainder when (q/t)/((-1)/27) is divided by 5?
4
Let f(t) = 12*t**3 - t**2 + 2*t - 2. Calculate the remainder when f(1) is divided by 6.
5
Suppose -t = t - 8. Let c(g) = g**2 + 7. Calculate the remainder when c(0) is divided by t.
3
Let n(u) = u**3 + 10*u**2 + 14*u + 9. Let r be n(-10). Let l = r + 221. Calculate the remainder when l is divided by 31.
28
Suppose -22 - 13 = -5*u. Suppose 0 = -5*r + 4*r + 5. Suppose -r*y - 2*x + 17 - 3 = 0, -y - 5*x = 11. Calculate the remainder when u is divided by y.
3
Let g(m) = -m + 20. Calculate the remainder when g(9) is divided by 4.
3
Calculate the remainder when -25*(24/(-15) + 1) is divided by 2/10 + (-78)/(-10).
7
Calculate the remainder when 38 is divided by (-9)/((-18)/20) + 3.
12
Calculate the remainder when 200/9 + 18/(-81) is divided by 14.
8
Let b(f) = f + 21. Let p be b(0). Let s = p + -10. What is the remainder when 8*((-4338)/(-1008) + (-6)/14) is divided by s?
9
Suppose 0 = -0*z - 2*z. What is the remainder when 10 is divided by (-9)/(-3) - -3 - z?
4
Let f = -75 + 85. Let a = 94 - 137. Let r = a - -72. Calculate the remainder when r is divided by f.
9
Let u(k) = -k**3 - k**2 + 29. Let x(g) = 9*g**2 + g. Suppose s - 5*s - 4 = 0. What is the remainder when u(0) is divided by x(s)?
5
Suppose -2*j = 4 - 8. Suppose 0 = j*h - 6*h + 92. What is the remainder when h is divided by 13?
10
Suppose 2*q = 5 - 1. Suppose 5 = -5*y, -q*d + 2*y = -11 - 3. What is the remainder when 11 is divided by d?
5
Suppose 3*l = -4*s + 4 + 284, 3*l - 312 = 4*s. What is the remainder when l is divided by 26?
22
Let s(o) = 6*o**2 - o - 3. Let d be s(-3). Suppose 3*j - j = d. What is the remainder when 52 is divided by j?
25
Let y(l) = -l + 18. Calculate the remainder when 24 is divided by y(13).
4
Let d(r) = -r**2 - 9*r + 3. Calculate the remainder when 31 is divided by d(-8).
9
Suppose 12 = 5*z - 8. Suppose -m = -z*q - 0*m + 166, -5*q + 199 = 3*m. Calculate the remainder when q is divided by 14.
13
Let h be (-57)/(-4) - 18/(-24). Let m = h + -11. Let d(v) = 5*v - 4. Calculate the remainder when 47 is divided by d(m).
15
Let q(d) = -2*d - 4. Let o = -5 - 1. Calculate the remainder when q(-3) is divided by (-3)/(o/(-2))*-1.
0
Suppose -3*j = 3*d - 16 - 95, -3*j = d - 101. What is the remainder when j is divided by 7?
4
Let g(s) = 6*s**2 - 1. Suppose 4*k - 5*t + 3 = 0, -k - t - t - 4 = 0. What is the remainder when 45 is divided by g(k)?
22
Let l be 18/(-2) + (6 - 6). Let y = l - -12. Suppose 0 = 3*d - 15, 3*h - 5*d + y = -4. What is the remainder when 11 is divided by h?
5
Let z(r) = -r + 8. Let b be z(0). Let c(v) = v - 9. Let w be c(b). Calculate the remainder when 57 is divided by (w + 7)/3*10.
17
Suppose -10*d = -15*d + 240. What is the remainder when d is divided by 13?
9
Suppose -4*j - j = 3*r - 517, 5*j = -4*r + 521. What is the remainder when 30 is divided by j/9 + (-18)/81?
8
Let g(f) = -f. Let o(m) = -2*m + 1. Let n(l) = 5*g(l) - o(l). What is the remainder when n(-1) is divided by 2?
0
Let b = 15 - 42. Let r = -19 - b. Calculate the remainder when r is divided by 3.
2
Let m(z) = 3*z - 1. Calculate the remainder when m(10) is divided by (1/(-2))/(2/(-60)).
14
Let k = 166 + -153. Calculate the remainder when ((-76)/6)/(1/(-3)) is divided by k.
12
Let d(j) = -j**3 - 10*j**2 - 19*j - 2. Calculate the remainder when 40 is divided by d(-8).
18
Let o(l) = -l**2 + 61. Suppose -4*t = -0*t. Let c(p) = -p**2 + 9*p - 4. What is the remainder when o(t) is divided by c(4)?
13
Let r be (-2)/11 - 992/(-11). Let f = -7 + r. Suppose 0 = 5*i + 2*k - f, -4*k - 2 = 2. Calculate the remainder when 50 is divided by i.
16
Let w(n) = 2*n - 2. What is the remainder when 52 is divided by w(10)?
16
Let x(o) = -o**2 + 5*o + 8. Let k be x(6). Let c be (-60)/(4*-1) - -1. Let u = c - k. What is the remainder when 40 is divided by u?
12
Suppose 4*t - 6 = 6. Let d(o) = 11*o - 3. What is the remainder when d(t) is divided by 16?
14
Let v(y) = -y**2 + 11*y - 3. What is the remainder when 25 is divided by v(9)?
10
Suppose 5*g = 2*p - 13, -p - 1 = 3*g - 24. Let n = 45 + -5. What is the remainder when n is divided by p?
12
Suppose -x = -1 + 6, 5*x = -4*r - 865. What is the remainder when (r/25)/(2/(-10)) is divided by 11?
9
Suppose 0 = -3*f + 9 - 27. Let o(d) = 2*d**2 + 5*d - 6. Let x = -27 - -46. What is the remainder when o(f) is divided by x?
17
Suppose -4*x - 2*k + 6 = 0, -3*x - 3*k + 24 = -8*k. Suppose -12 = x*c, 2*l - 4*c = -0*l + 74. What is the remainder when l is divided by 10?
9
Suppose 38 = 3*u + 3*c - c, -34 = -3*u + 2*c. What is the remainder when 23 is divided by u?
11
Suppose 5*w + 73 = 183. Let p = 2 - 70. What is the remainder when w is divided by 2/3 - p/6?
10
Let w be 2/(2/3) + 10. Suppose 23 + w = 2*b. Calculate the remainder when b is divided by 5.
3
Suppose 0 = j - 5, 0 = -2*w - 2*w + j + 3. Suppose -w*q = q - 33. Calculate the remainder when 42 is divided by q.
9
Let u = 149 + -110. Calculate the remainder when 155 is divided by u.
38
What is the remainder when 72 is divided by ((-2)/6)/((-11)/495)?
12
Let z be (-1 - 2)/(5/(-30)). Let u = 2 + z. Calculate the remainder when u is divided by 11.
9
Let y(m) = -43*m**3 - m**2 - 2*m - 2. What is the remainder when y(-1) is divided by 22?
20
Calculate the remainder when 29 is divided by 4/(((-16)/4)/(-8)).
5
Suppose -5*a = 3*q - 85, -3*q + 5*q + 18 = 2*a. Suppose -2*v + 130 = 3*v. What is the remainder when v is divided by a?
12
Let j(r) = -4*r + 98. Calculate the remainder when j(-9) is divided by (102/15)/(1/5).
32
Let p(b) = b**2 - 3*b. Let x(m) = -m**3 + 2*m**2 + m + 1. Let y be x(2). Let q be p(y). Let t(r) = r**2 + 12. What is the remainder when 34 is divided by t(q)?
10
Let q = 4 - -2. Suppose 0 = -2*t + 12 + q. What is the remainder when 24 is divided by t?
6
Suppose -5*l + 3*l + 8 = 0. Suppose 19 = l*k - 9. Calculate the remainder when k is divided by 13/4 + 6/(-24).
1
Suppose -292 = 7*g - 11*g. Calculate the remainder when g is divided by 19.
16
Let h = -13 + 18. Suppose -